
What is the highest common divisor of 16 and 168786712?
8
What is the highest common divisor of 1584 and 567444?
12
Calculate the greatest common divisor of 707184709 and 539.
539
What is the greatest common divisor of 1180673 and 533?
13
Calculate the greatest common divisor of 2021424 and 302772.
276
Calculate the greatest common factor of 20115 and 37560.
15
Calculate the greatest common divisor of 5808 and 330924.
132
What is the greatest common divisor of 51166452 and 33276?
708
Calculate the greatest common factor of 14467048 and 14975.
599
What is the greatest common divisor of 13952872 and 1744?
872
Calculate the greatest common divisor of 123900 and 452.
4
Calculate the greatest common factor of 1061974 and 323406.
226
What is the greatest common divisor of 41871704 and 77?
7
Calculate the greatest common divisor of 2652180 and 6.
6
Calculate the highest common factor of 15371 and 158593.
19
Calculate the highest common divisor of 261595763 and 4433.
4433
What is the greatest common factor of 27537565 and 1030?
515
Calculate the highest common factor of 308797 and 145.
1
What is the highest common divisor of 50112993 and 8715?
1743
What is the greatest common divisor of 62352 and 2718?
18
What is the highest common divisor of 4023700 and 1400?
100
Calculate the highest common factor of 63777 and 92379.
21
Calculate the greatest common divisor of 3311 and 6309347.
473
What is the greatest common divisor of 19 and 602780719?
19
What is the highest common factor of 1408551 and 3222?
537
Calculate the greatest common divisor of 1770218 and 6556610.
1334
Calculate the greatest common divisor of 139524629 and 183.
61
What is the highest common factor of 3377 and 6965523?
307
Calculate the greatest common factor of 27240480 and 540.
180
What is the highest common factor of 19090 and 15355332?
166
Calculate the greatest common divisor of 3300155 and 9637.
23
Calculate the greatest common factor of 6487476 and 804.
804
What is the greatest common divisor of 3051 and 13452876?
1017
Calculate the highest common divisor of 1107 and 956817.
369
Calculate the highest common divisor of 5822 and 300866405.
2911
What is the highest common factor of 1239 and 24187404?
177
What is the greatest common divisor of 532 and 1331230516?
532
What is the highest common factor of 1188 and 48695086?
22
What is the highest common factor of 2643549 and 591?
3
Calculate the greatest common divisor of 31280352 and 11736.
3912
What is the greatest common factor of 26 and 27722721?
13
What is the highest common factor of 375992 and 17501116?
4372
What is the greatest common divisor of 231 and 221221?
77
What is the greatest common factor of 112706814 and 99?
33
Calculate the greatest common factor of 7502 and 125537786.
682
Calculate the greatest common factor of 986234053 and 2702.
1351
Calculate the highest common factor of 57411578 and 22876.
266
Calculate the greatest common divisor of 41277059 and 1915.
383
What is the greatest common factor of 15236 and 6914800?
1172
What is the greatest common divisor of 25810 and 91670?
890
What is the greatest common divisor of 219 and 44391?
3
What is the highest common factor of 25334342 and 484?
22
What is the highest common factor of 37552 and 91024?
16
Calculate the highest common divisor of 292371 and 8597609.
2377
What is the greatest common factor of 669 and 14120583?
669
Calculate the greatest common divisor of 889371 and 18810.
171
What is the greatest common divisor of 204 and 2025457656?
204
Calculate the highest common divisor of 32834592 and 16554.
534
Calculate the highest common divisor of 1725880 and 195.
65
What is the highest common divisor of 6 and 519522?
6
What is the highest common divisor of 394020 and 267854?
398
What is the greatest common factor of 1467 and 234874035?
1467
What is the greatest common factor of 37250 and 5889970?
1490
What is the greatest common divisor of 13002192 and 16?
16
What is the highest common factor of 5178924 and 171588?
948
Calculate the highest common divisor of 1887942 and 8295.
1659
What is the highest common factor of 411802 and 15478?
218
What is the greatest common divisor of 2323161 and 25839?
2349
Calculate the greatest common divisor of 268 and 22849546.
134
Calculate the highest common divisor of 23384 and 3919743.
2923
Calculate the highest common divisor of 16803651 and 1752.
219
Calculate the highest common divisor of 534 and 965594642.
178
What is the highest common factor of 170 and 18774358?
34
What is the highest common factor of 257147 and 830126?
1067
What is the greatest common divisor of 7038785 and 845?
65
What is the highest common divisor of 98078 and 353597?
2581
What is the highest common factor of 16772437 and 11?
11
What is the highest common divisor of 17 and 880408223?
17
What is the highest common factor of 1361682012 and 12?
12
What is the greatest common divisor of 126845 and 4784?
23
What is the greatest common factor of 67947496 and 656?
328
What is the highest common divisor of 1007469652 and 9688?
4844
What is the highest common divisor of 3994936 and 11?
11
Calculate the highest common factor of 1482299 and 1911.
637
What is the highest common divisor of 2091966052 and 2068?
2068
Calculate the highest common factor of 30 and 193449.
3
Calculate the greatest common factor of 1920448 and 220224.
2368
What is the highest common factor of 283 and 195019828?
283
What is the greatest common divisor of 99751 and 9285517?
4337
Calculate the greatest common divisor of 30936002 and 1527.
509
Calculate the highest common divisor of 9 and 115164081.
9
Calculate the greatest common factor of 573432 and 1083.
3
What is the greatest common divisor of 52 and 18859802?
26
Calculate the greatest common divisor of 114 and 98493.
3
Calculate the highest common factor of 8422570 and 24388.
1742
What is the highest common divisor of 2080 and 7297355?
65
Calculate the greatest common divisor of 16458274 and 14.
14
What is the highest common divisor of 292 and 4380949?
73
What is the greatest common divisor of 4886 and 32806698?
698
Calculate the highest common divisor of 104 and 382511298.
26
Calculate the greatest common divisor of 408 and 110641593.
51
What is the greatest common factor of 28268430 and 417?
417
Calculate the highest common divisor of 171275942 and 410.
82
What is the greatest common divisor of 920 and 99593220?
460
What is the highest common factor of 32301 and 22343562?
873
Calculate the greatest common divisor of 27750 and 14129250.
750
What is the highest common divisor of 24 and 900184?
8
What is the greatest common divisor of 15234507 and 135?
27
What is the greatest common divisor of 59 and 23998486?
59
Calculate the highest common divisor of 228699 and 7875.
9
What is the greatest common factor of 2628444 and 3074652?
6972
Calculate the highest common divisor of 7947 and 2192187897.
7947
Calculate the highest common factor of 312380 and 1580.
20
What is the highest common factor of 198080 and 640?
320
What is the greatest common divisor of 2729088 and 11408?
368
Calculate the greatest common divisor of 8477 and 31343102.
1211
Calculate the highest common divisor of 2555 and 495215.
35
Calculate the highest common factor of 12 and 21652440.
12
What is the greatest common divisor of 15495 and 51735?
15
What is the greatest common divisor of 21 and 17114130?
3
What is the greatest common divisor of 129510 and 57030?
30
What is the greatest common divisor of 9412550 and 350?
350
What is the highest common factor of 17275645 and 276?
23
What is the greatest common factor of 1908196 and 78952?
284
What is the greatest common factor of 46 and 24254213?
23
What is the highest common divisor of 1547 and 29806049?
1547
What is the highest common divisor of 10285695 and 630?
315
What is the highest common factor of 197342548 and 25454?
2314
Calculate the greatest common factor of 496196 and 18972.
68
Calculate the highest common factor of 19437 and 1312416.
93
What is the greatest common factor of 95682 and 117438?
222
Calculate the greatest common divisor of 11099427 and 532362.
3207
What is the greatest common divisor of 766 and 6199?
1
Calculate the highest common divisor of 16695963 and 243.
81
Calculate the greatest common divisor o